{"id":118,"date":"2020-08-20T09:06:10","date_gmt":"2020-08-20T05:06:10","guid":{"rendered":"http:\/\/alexisckb.re\/?page_id=118"},"modified":"2022-06-06T15:58:52","modified_gmt":"2022-06-06T11:58:52","slug":"illustration","status":"publish","type":"page","link":"https:\/\/alexisckb.re\/index.php\/illustration\/","title":{"rendered":"Illustration"},"content":{"rendered":"\t\t<div data-elementor-type=\"wp-page\" data-elementor-id=\"118\" class=\"elementor elementor-118\">\n\t\t\t\t\t\t<section class=\"elementor-section elementor-top-section elementor-element elementor-element-195d671 elementor-section-full_width elementor-section-height-default elementor-section-height-default\" data-id=\"195d671\" data-element_type=\"section\" data-settings=\"{&quot;background_background&quot;:&quot;gradient&quot;}\">\n\t\t\t\t\t\t\t<div class=\"elementor-background-overlay\"><\/div>\n\t\t\t\t\t\t\t<div class=\"elementor-container elementor-column-gap-wide\">\n\t\t\t\t\t<aside class=\"elementor-column elementor-col-100 elementor-top-column elementor-element elementor-element-404d512\" data-id=\"404d512\" data-element_type=\"column\">\n\t\t\t<div class=\"elementor-widget-wrap elementor-element-populated\">\n\t\t\t\t\t\t<div class=\"elementor-element elementor-element-15b6ec9 elementor-widget elementor-widget-heading\" data-id=\"15b6ec9\" data-element_type=\"widget\" data-widget_type=\"heading.default\">\n\t\t\t\t<div class=\"elementor-widget-container\">\n\t\t\t\t\t<h2 class=\"elementor-heading-title elementor-size-default\">ILLUSTRATION<\/h2>\t\t\t\t<\/div>\n\t\t\t\t<\/div>\n\t\t\t\t\t<\/div>\n\t\t<\/aside>\n\t\t\t\t\t<\/div>\n\t\t<\/section>\n\t\t\t\t<section class=\"elementor-section elementor-top-section elementor-element elementor-element-b6b6987 elementor-section-full_width elementor-section-stretched elementor-section-content-middle elementor-section-height-default elementor-section-height-default\" data-id=\"b6b6987\" data-element_type=\"section\" data-settings=\"{&quot;stretch_section&quot;:&quot;section-stretched&quot;}\">\n\t\t\t\t\t\t\t<div class=\"elementor-background-overlay\"><\/div>\n\t\t\t\t\t\t\t<div class=\"elementor-container elementor-column-gap-default\">\n\t\t\t\t\t<section class=\"elementor-column elementor-col-100 elementor-top-column elementor-element elementor-element-3f6c8c4\" data-id=\"3f6c8c4\" data-element_type=\"column\">\n\t\t\t<div class=\"elementor-widget-wrap elementor-element-populated\">\n\t\t\t\t\t\t<div class=\"elementor-element elementor-element-71e05c7 elementor-widget elementor-widget-image\" data-id=\"71e05c7\" data-element_type=\"widget\" data-widget_type=\"image.default\">\n\t\t\t\t<div class=\"elementor-widget-container\">\n\t\t\t\t\t\t\t\t\t\t\t\t\t\t\t\t<a href=\"http:\/\/alexisckb.re\/wp-content\/uploads\/2020\/11\/kanot-scaled.jpg\" data-elementor-open-lightbox=\"yes\" data-elementor-lightbox-title=\"kanot alexis ckb\" data-elementor-lightbox-description=\"kanot saint paul alexis ckb\" data-e-action-hash=\"#elementor-action%3Aaction%3Dlightbox%26settings%3DeyJpZCI6MjczLCJ1cmwiOiJodHRwczpcL1wvYWxleGlzY2tiLnJlXC93cC1jb250ZW50XC91cGxvYWRzXC8yMDIwXC8xMVwva2Fub3Qtc2NhbGVkLmpwZyJ9\">\n\t\t\t\t\t\t\t<img fetchpriority=\"high\" decoding=\"async\" width=\"2560\" height=\"2560\" src=\"https:\/\/alexisckb.re\/wp-content\/uploads\/2020\/11\/kanot-scaled.jpg\" class=\"attachment-full size-full wp-image-273\" alt=\"kanot saint paul alexis ckb\" srcset=\"https:\/\/alexisckb.re\/wp-content\/uploads\/2020\/11\/kanot-scaled.jpg 2560w, https:\/\/alexisckb.re\/wp-content\/uploads\/2020\/11\/kanot-scaled-160x160.jpg 160w, https:\/\/alexisckb.re\/wp-content\/uploads\/2020\/11\/kanot-scaled-600x600.jpg 600w, https:\/\/alexisckb.re\/wp-content\/uploads\/2020\/11\/kanot-300x300.jpg 300w, https:\/\/alexisckb.re\/wp-content\/uploads\/2020\/11\/kanot-1024x1024.jpg 1024w, https:\/\/alexisckb.re\/wp-content\/uploads\/2020\/11\/kanot-150x150.jpg 150w, https:\/\/alexisckb.re\/wp-content\/uploads\/2020\/11\/kanot-768x768.jpg 768w, https:\/\/alexisckb.re\/wp-content\/uploads\/2020\/11\/kanot-1536x1536.jpg 1536w, https:\/\/alexisckb.re\/wp-content\/uploads\/2020\/11\/kanot-2048x2048.jpg 2048w\" sizes=\"(max-width: 2560px) 100vw, 2560px\" \/>\t\t\t\t\t\t\t\t<\/a>\n\t\t\t\t\t\t\t\t\t\t\t\t\t\t\t<\/div>\n\t\t\t\t<\/div>\n\t\t\t\t<div class=\"elementor-element elementor-element-e1d6834 elementor-widget elementor-widget-image\" data-id=\"e1d6834\" data-element_type=\"widget\" data-widget_type=\"image.default\">\n\t\t\t\t<div class=\"elementor-widget-container\">\n\t\t\t\t\t\t\t\t\t\t\t\t\t\t\t\t<a href=\"https:\/\/alexisckb.re\/wp-content\/uploads\/2020\/08\/IMG_E6238-scaled.jpg\" data-elementor-open-lightbox=\"yes\" data-elementor-lightbox-title=\"Lendormi dotwork alexis ckb\" data-elementor-lightbox-description=\"Lendormi dotwork alexis ckb\" data-e-action-hash=\"#elementor-action%3Aaction%3Dlightbox%26settings%3DeyJpZCI6NTMsInVybCI6Imh0dHBzOlwvXC9hbGV4aXNja2IucmVcL3dwLWNvbnRlbnRcL3VwbG9hZHNcLzIwMjBcLzA4XC9JTUdfRTYyMzgtc2NhbGVkLmpwZyJ9\">\n\t\t\t\t\t\t\t<img decoding=\"async\" width=\"1920\" height=\"2560\" src=\"https:\/\/alexisckb.re\/wp-content\/uploads\/2020\/08\/IMG_E6238-scaled.jpg\" class=\"attachment-full size-full wp-image-53\" alt=\"Lendormi dotwork alexis ckb\" srcset=\"https:\/\/alexisckb.re\/wp-content\/uploads\/2020\/08\/IMG_E6238-scaled.jpg 1920w, https:\/\/alexisckb.re\/wp-content\/uploads\/2020\/08\/IMG_E6238-scaled-600x800.jpg 600w, https:\/\/alexisckb.re\/wp-content\/uploads\/2020\/08\/IMG_E6238-225x300.jpg 225w, https:\/\/alexisckb.re\/wp-content\/uploads\/2020\/08\/IMG_E6238-768x1024.jpg 768w, https:\/\/alexisckb.re\/wp-content\/uploads\/2020\/08\/IMG_E6238-1152x1536.jpg 1152w, https:\/\/alexisckb.re\/wp-content\/uploads\/2020\/08\/IMG_E6238-1536x2048.jpg 1536w\" sizes=\"(max-width: 1920px) 100vw, 1920px\" \/>\t\t\t\t\t\t\t\t<\/a>\n\t\t\t\t\t\t\t\t\t\t\t\t\t\t\t<\/div>\n\t\t\t\t<\/div>\n\t\t\t\t<div class=\"elementor-element elementor-element-cb6abf0 elementor-widget elementor-widget-image\" data-id=\"cb6abf0\" data-element_type=\"widget\" data-widget_type=\"image.default\">\n\t\t\t\t<div class=\"elementor-widget-container\">\n\t\t\t\t\t\t\t\t\t\t\t\t\t\t\t\t<a href=\"https:\/\/alexisckb.re\/wp-content\/uploads\/2020\/11\/IMG_E7838-scaled.jpg\" data-elementor-open-lightbox=\"yes\" data-elementor-lightbox-title=\"la Saline alexis ckb\" data-elementor-lightbox-description=\"la Saline scalaire alexis ckb illustration graphiste La R\u00e9union\" data-e-action-hash=\"#elementor-action%3Aaction%3Dlightbox%26settings%3DeyJpZCI6Mjc4LCJ1cmwiOiJodHRwczpcL1wvYWxleGlzY2tiLnJlXC93cC1jb250ZW50XC91cGxvYWRzXC8yMDIwXC8xMVwvSU1HX0U3ODM4LXNjYWxlZC5qcGcifQ%3D%3D\">\n\t\t\t\t\t\t\t<img decoding=\"async\" width=\"2560\" height=\"1920\" src=\"https:\/\/alexisckb.re\/wp-content\/uploads\/2020\/11\/IMG_E7838-scaled.jpg\" class=\"attachment-full size-full wp-image-278\" alt=\"la Saline alexis ckb\" srcset=\"https:\/\/alexisckb.re\/wp-content\/uploads\/2020\/11\/IMG_E7838-scaled.jpg 2560w, https:\/\/alexisckb.re\/wp-content\/uploads\/2020\/11\/IMG_E7838-scaled-600x450.jpg 600w, https:\/\/alexisckb.re\/wp-content\/uploads\/2020\/11\/IMG_E7838-300x225.jpg 300w, https:\/\/alexisckb.re\/wp-content\/uploads\/2020\/11\/IMG_E7838-1024x768.jpg 1024w, https:\/\/alexisckb.re\/wp-content\/uploads\/2020\/11\/IMG_E7838-768x576.jpg 768w, https:\/\/alexisckb.re\/wp-content\/uploads\/2020\/11\/IMG_E7838-1536x1152.jpg 1536w, https:\/\/alexisckb.re\/wp-content\/uploads\/2020\/11\/IMG_E7838-2048x1536.jpg 2048w\" sizes=\"(max-width: 2560px) 100vw, 2560px\" \/>\t\t\t\t\t\t\t\t<\/a>\n\t\t\t\t\t\t\t\t\t\t\t\t\t\t\t<\/div>\n\t\t\t\t<\/div>\n\t\t\t\t<div class=\"elementor-element elementor-element-0106032 elementor-widget elementor-widget-image\" data-id=\"0106032\" data-element_type=\"widget\" data-widget_type=\"image.default\">\n\t\t\t\t<div class=\"elementor-widget-container\">\n\t\t\t\t\t\t\t\t\t\t\t\t\t\t\t\t<a href=\"http:\/\/alexisckb.re\/wp-content\/uploads\/2020\/11\/jacoackb-scaled.jpg\" data-elementor-open-lightbox=\"yes\" data-elementor-lightbox-title=\"jaco ackb\" data-e-action-hash=\"#elementor-action%3Aaction%3Dlightbox%26settings%3DeyJpZCI6MjcyLCJ1cmwiOiJodHRwczpcL1wvYWxleGlzY2tiLnJlXC93cC1jb250ZW50XC91cGxvYWRzXC8yMDIwXC8xMVwvamFjb2Fja2Itc2NhbGVkLmpwZyJ9\">\n\t\t\t\t\t\t\t<img loading=\"lazy\" decoding=\"async\" width=\"2560\" height=\"1920\" src=\"https:\/\/alexisckb.re\/wp-content\/uploads\/2020\/11\/jacoackb-scaled.jpg\" class=\"attachment-full size-full wp-image-272\" alt=\"perroquet gris du gabon alexis ckb\" srcset=\"https:\/\/alexisckb.re\/wp-content\/uploads\/2020\/11\/jacoackb-scaled.jpg 2560w, https:\/\/alexisckb.re\/wp-content\/uploads\/2020\/11\/jacoackb-scaled-600x450.jpg 600w, https:\/\/alexisckb.re\/wp-content\/uploads\/2020\/11\/jacoackb-300x225.jpg 300w, https:\/\/alexisckb.re\/wp-content\/uploads\/2020\/11\/jacoackb-1024x768.jpg 1024w, https:\/\/alexisckb.re\/wp-content\/uploads\/2020\/11\/jacoackb-768x576.jpg 768w, https:\/\/alexisckb.re\/wp-content\/uploads\/2020\/11\/jacoackb-1536x1152.jpg 1536w, https:\/\/alexisckb.re\/wp-content\/uploads\/2020\/11\/jacoackb-2048x1536.jpg 2048w\" sizes=\"(max-width: 2560px) 100vw, 2560px\" \/>\t\t\t\t\t\t\t\t<\/a>\n\t\t\t\t\t\t\t\t\t\t\t\t\t\t\t<\/div>\n\t\t\t\t<\/div>\n\t\t\t\t\t<\/div>\n\t\t<\/section>\n\t\t\t\t\t<\/div>\n\t\t<\/section>\n\t\t\t\t<section class=\"elementor-section elementor-top-section elementor-element elementor-element-b812b37 elementor-section-full_width elementor-section-height-default elementor-section-height-default\" data-id=\"b812b37\" data-element_type=\"section\" data-settings=\"{&quot;background_background&quot;:&quot;gradient&quot;}\">\n\t\t\t\t\t\t\t<div class=\"elementor-background-overlay\"><\/div>\n\t\t\t\t\t\t\t<div class=\"elementor-container elementor-column-gap-wide\">\n\t\t\t\t\t<aside class=\"elementor-column elementor-col-100 elementor-top-column elementor-element elementor-element-24c27aa\" data-id=\"24c27aa\" data-element_type=\"column\">\n\t\t\t<div class=\"elementor-widget-wrap elementor-element-populated\">\n\t\t\t\t\t\t<div class=\"elementor-element elementor-element-b9aaa64 elementor-align-center elementor-invisible elementor-widget elementor-widget-button\" data-id=\"b9aaa64\" data-element_type=\"widget\" data-settings=\"{&quot;_animation&quot;:&quot;fadeIn&quot;}\" data-widget_type=\"button.default\">\n\t\t\t\t<div class=\"elementor-widget-container\">\n\t\t\t\t\t\t\t\t\t<div class=\"elementor-button-wrapper\">\n\t\t\t\t\t<a class=\"elementor-button elementor-button-link elementor-size-xl\" href=\"http:\/\/alexisckb.re\/index.php\/contact\/\">\n\t\t\t\t\t\t<span class=\"elementor-button-content-wrapper\">\n\t\t\t\t\t\t<span class=\"elementor-button-icon\">\n\t\t\t\t<i aria-hidden=\"true\" class=\"fas fa-paper-plane\"><\/i>\t\t\t<\/span>\n\t\t\t\t\t\t\t\t\t<span class=\"elementor-button-text\">Contactez moi<\/span>\n\t\t\t\t\t<\/span>\n\t\t\t\t\t<\/a>\n\t\t\t\t<\/div>\n\t\t\t\t\t\t\t\t<\/div>\n\t\t\t\t<\/div>\n\t\t\t\t\t<\/div>\n\t\t<\/aside>\n\t\t\t\t\t<\/div>\n\t\t<\/section>\n\t\t\t\t<\/div>\n\t\t","protected":false},"excerpt":{"rendered":"<p>ILLUSTRATION Contactez moi<\/p>\n","protected":false},"author":1,"featured_media":0,"parent":0,"menu_order":0,"comment_status":"closed","ping_status":"closed","template":"page-templates\/template-pagebuilder-full-width.php","meta":{"footnotes":""},"class_list":["post-118","page","type-page","status-publish","hentry"],"yoast_head":"<!-- This site is optimized with the Yoast SEO plugin v26.6 - https:\/\/yoast.com\/wordpress\/plugins\/seo\/ -->\n<title>Illustration - Alexis CKB<\/title>\n<meta name=\"description\" content=\"Illustration Vectorielle\/ Papier\/ Murale\/ Toile. Graphiste Illustrateur sur l&#039;\u00eele de la R\u00e9union. Alexis Illustrateur Ile de La R\u00e9union\" \/>\n<meta name=\"robots\" content=\"index, follow, max-snippet:-1, max-image-preview:large, max-video-preview:-1\" \/>\n<link rel=\"canonical\" href=\"https:\/\/alexisckb.re\/index.php\/illustration\/\" \/>\n<meta property=\"og:locale\" content=\"fr_FR\" \/>\n<meta property=\"og:type\" content=\"article\" \/>\n<meta property=\"og:title\" content=\"Illustration - Alexis CKB\" \/>\n<meta property=\"og:description\" content=\"Illustration Vectorielle\/ Papier\/ Murale\/ Toile. Graphiste Illustrateur sur l&#039;\u00eele de la R\u00e9union. Alexis Illustrateur Ile de La R\u00e9union\" \/>\n<meta property=\"og:url\" content=\"https:\/\/alexisckb.re\/index.php\/illustration\/\" \/>\n<meta property=\"og:site_name\" content=\"Alexis CKB\" \/>\n<meta property=\"article:modified_time\" content=\"2022-06-06T11:58:52+00:00\" \/>\n<meta property=\"og:image\" content=\"https:\/\/alexisckb.re\/wp-content\/uploads\/2020\/11\/kanot-scaled.jpg\" \/>\n<meta name=\"twitter:card\" content=\"summary_large_image\" \/>\n<meta name=\"twitter:label1\" content=\"Dur\u00e9e de lecture estim\u00e9e\" \/>\n\t<meta name=\"twitter:data1\" content=\"1 minute\" \/>\n<script type=\"application\/ld+json\" class=\"yoast-schema-graph\">{\"@context\":\"https:\/\/schema.org\",\"@graph\":[{\"@type\":\"WebPage\",\"@id\":\"https:\/\/alexisckb.re\/index.php\/illustration\/\",\"url\":\"https:\/\/alexisckb.re\/index.php\/illustration\/\",\"name\":\"Illustration - Alexis CKB\",\"isPartOf\":{\"@id\":\"https:\/\/alexisckb.re\/#website\"},\"primaryImageOfPage\":{\"@id\":\"https:\/\/alexisckb.re\/index.php\/illustration\/#primaryimage\"},\"image\":{\"@id\":\"https:\/\/alexisckb.re\/index.php\/illustration\/#primaryimage\"},\"thumbnailUrl\":\"https:\/\/alexisckb.re\/wp-content\/uploads\/2020\/11\/kanot-scaled.jpg\",\"datePublished\":\"2020-08-20T05:06:10+00:00\",\"dateModified\":\"2022-06-06T11:58:52+00:00\",\"description\":\"Illustration Vectorielle\/ Papier\/ Murale\/ Toile. Graphiste Illustrateur sur l'\u00eele de la R\u00e9union. Alexis Illustrateur Ile de La R\u00e9union\",\"breadcrumb\":{\"@id\":\"https:\/\/alexisckb.re\/index.php\/illustration\/#breadcrumb\"},\"inLanguage\":\"fr-FR\",\"potentialAction\":[{\"@type\":\"ReadAction\",\"target\":[\"https:\/\/alexisckb.re\/index.php\/illustration\/\"]}]},{\"@type\":\"ImageObject\",\"inLanguage\":\"fr-FR\",\"@id\":\"https:\/\/alexisckb.re\/index.php\/illustration\/#primaryimage\",\"url\":\"https:\/\/alexisckb.re\/wp-content\/uploads\/2020\/11\/kanot-scaled.jpg\",\"contentUrl\":\"https:\/\/alexisckb.re\/wp-content\/uploads\/2020\/11\/kanot-scaled.jpg\",\"width\":2560,\"height\":2560,\"caption\":\"kanot saint paul alexis ckb\"},{\"@type\":\"BreadcrumbList\",\"@id\":\"https:\/\/alexisckb.re\/index.php\/illustration\/#breadcrumb\",\"itemListElement\":[{\"@type\":\"ListItem\",\"position\":1,\"name\":\"Accueil\",\"item\":\"https:\/\/alexisckb.re\/\"},{\"@type\":\"ListItem\",\"position\":2,\"name\":\"Illustration\"}]},{\"@type\":\"WebSite\",\"@id\":\"https:\/\/alexisckb.re\/#website\",\"url\":\"https:\/\/alexisckb.re\/\",\"name\":\"Alexis CKB\",\"description\":\"Digital &amp; Print Designer\",\"publisher\":{\"@id\":\"https:\/\/alexisckb.re\/#organization\"},\"potentialAction\":[{\"@type\":\"SearchAction\",\"target\":{\"@type\":\"EntryPoint\",\"urlTemplate\":\"https:\/\/alexisckb.re\/?s={search_term_string}\"},\"query-input\":{\"@type\":\"PropertyValueSpecification\",\"valueRequired\":true,\"valueName\":\"search_term_string\"}}],\"inLanguage\":\"fr-FR\"},{\"@type\":\"Organization\",\"@id\":\"https:\/\/alexisckb.re\/#organization\",\"name\":\"Alexis CKB\",\"url\":\"https:\/\/alexisckb.re\/\",\"logo\":{\"@type\":\"ImageObject\",\"inLanguage\":\"fr-FR\",\"@id\":\"https:\/\/alexisckb.re\/#\/schema\/logo\/image\/\",\"url\":\"https:\/\/alexisckb.re\/wp-content\/uploads\/2021\/12\/logo_alexisckb.png\",\"contentUrl\":\"https:\/\/alexisckb.re\/wp-content\/uploads\/2021\/12\/logo_alexisckb.png\",\"width\":150,\"height\":101,\"caption\":\"Alexis CKB\"},\"image\":{\"@id\":\"https:\/\/alexisckb.re\/#\/schema\/logo\/image\/\"}}]}<\/script>\n<!-- \/ Yoast SEO plugin. -->","yoast_head_json":{"title":"Illustration - Alexis CKB","description":"Illustration Vectorielle\/ Papier\/ Murale\/ Toile. Graphiste Illustrateur sur l'\u00eele de la R\u00e9union. Alexis Illustrateur Ile de La R\u00e9union","robots":{"index":"index","follow":"follow","max-snippet":"max-snippet:-1","max-image-preview":"max-image-preview:large","max-video-preview":"max-video-preview:-1"},"canonical":"https:\/\/alexisckb.re\/index.php\/illustration\/","og_locale":"fr_FR","og_type":"article","og_title":"Illustration - Alexis CKB","og_description":"Illustration Vectorielle\/ Papier\/ Murale\/ Toile. Graphiste Illustrateur sur l'\u00eele de la R\u00e9union. Alexis Illustrateur Ile de La R\u00e9union","og_url":"https:\/\/alexisckb.re\/index.php\/illustration\/","og_site_name":"Alexis CKB","article_modified_time":"2022-06-06T11:58:52+00:00","og_image":[{"url":"https:\/\/alexisckb.re\/wp-content\/uploads\/2020\/11\/kanot-scaled.jpg","type":"","width":"","height":""}],"twitter_card":"summary_large_image","twitter_misc":{"Dur\u00e9e de lecture estim\u00e9e":"1 minute"},"schema":{"@context":"https:\/\/schema.org","@graph":[{"@type":"WebPage","@id":"https:\/\/alexisckb.re\/index.php\/illustration\/","url":"https:\/\/alexisckb.re\/index.php\/illustration\/","name":"Illustration - Alexis CKB","isPartOf":{"@id":"https:\/\/alexisckb.re\/#website"},"primaryImageOfPage":{"@id":"https:\/\/alexisckb.re\/index.php\/illustration\/#primaryimage"},"image":{"@id":"https:\/\/alexisckb.re\/index.php\/illustration\/#primaryimage"},"thumbnailUrl":"https:\/\/alexisckb.re\/wp-content\/uploads\/2020\/11\/kanot-scaled.jpg","datePublished":"2020-08-20T05:06:10+00:00","dateModified":"2022-06-06T11:58:52+00:00","description":"Illustration Vectorielle\/ Papier\/ Murale\/ Toile. Graphiste Illustrateur sur l'\u00eele de la R\u00e9union. Alexis Illustrateur Ile de La R\u00e9union","breadcrumb":{"@id":"https:\/\/alexisckb.re\/index.php\/illustration\/#breadcrumb"},"inLanguage":"fr-FR","potentialAction":[{"@type":"ReadAction","target":["https:\/\/alexisckb.re\/index.php\/illustration\/"]}]},{"@type":"ImageObject","inLanguage":"fr-FR","@id":"https:\/\/alexisckb.re\/index.php\/illustration\/#primaryimage","url":"https:\/\/alexisckb.re\/wp-content\/uploads\/2020\/11\/kanot-scaled.jpg","contentUrl":"https:\/\/alexisckb.re\/wp-content\/uploads\/2020\/11\/kanot-scaled.jpg","width":2560,"height":2560,"caption":"kanot saint paul alexis ckb"},{"@type":"BreadcrumbList","@id":"https:\/\/alexisckb.re\/index.php\/illustration\/#breadcrumb","itemListElement":[{"@type":"ListItem","position":1,"name":"Accueil","item":"https:\/\/alexisckb.re\/"},{"@type":"ListItem","position":2,"name":"Illustration"}]},{"@type":"WebSite","@id":"https:\/\/alexisckb.re\/#website","url":"https:\/\/alexisckb.re\/","name":"Alexis CKB","description":"Digital &amp; Print Designer","publisher":{"@id":"https:\/\/alexisckb.re\/#organization"},"potentialAction":[{"@type":"SearchAction","target":{"@type":"EntryPoint","urlTemplate":"https:\/\/alexisckb.re\/?s={search_term_string}"},"query-input":{"@type":"PropertyValueSpecification","valueRequired":true,"valueName":"search_term_string"}}],"inLanguage":"fr-FR"},{"@type":"Organization","@id":"https:\/\/alexisckb.re\/#organization","name":"Alexis CKB","url":"https:\/\/alexisckb.re\/","logo":{"@type":"ImageObject","inLanguage":"fr-FR","@id":"https:\/\/alexisckb.re\/#\/schema\/logo\/image\/","url":"https:\/\/alexisckb.re\/wp-content\/uploads\/2021\/12\/logo_alexisckb.png","contentUrl":"https:\/\/alexisckb.re\/wp-content\/uploads\/2021\/12\/logo_alexisckb.png","width":150,"height":101,"caption":"Alexis CKB"},"image":{"@id":"https:\/\/alexisckb.re\/#\/schema\/logo\/image\/"}}]}},"jetpack_sharing_enabled":true,"_links":{"self":[{"href":"https:\/\/alexisckb.re\/index.php\/wp-json\/wp\/v2\/pages\/118","targetHints":{"allow":["GET"]}}],"collection":[{"href":"https:\/\/alexisckb.re\/index.php\/wp-json\/wp\/v2\/pages"}],"about":[{"href":"https:\/\/alexisckb.re\/index.php\/wp-json\/wp\/v2\/types\/page"}],"author":[{"embeddable":true,"href":"https:\/\/alexisckb.re\/index.php\/wp-json\/wp\/v2\/users\/1"}],"replies":[{"embeddable":true,"href":"https:\/\/alexisckb.re\/index.php\/wp-json\/wp\/v2\/comments?post=118"}],"version-history":[{"count":71,"href":"https:\/\/alexisckb.re\/index.php\/wp-json\/wp\/v2\/pages\/118\/revisions"}],"predecessor-version":[{"id":101577,"href":"https:\/\/alexisckb.re\/index.php\/wp-json\/wp\/v2\/pages\/118\/revisions\/101577"}],"wp:attachment":[{"href":"https:\/\/alexisckb.re\/index.php\/wp-json\/wp\/v2\/media?parent=118"}],"curies":[{"name":"wp","href":"https:\/\/api.w.org\/{rel}","templated":true}]}}